ulate the highest common factor of 14 and 42.
14
Calculate the greatest common divisor of 330 and 308.
22
Calculate the greatest common divisor of 8 and 4184.
8
Calculate the greatest common factor of 4 and 32.
4
Calculate the greatest common factor of 21 and 5586.
21
What is the highest common divisor of 15 and 1215?
15
Calculate the greatest common divisor of 3160 and 10.
10
Calculate the greatest common divisor of 490 and 120.
10
What is the greatest common divisor of 1025 and 400?
25
What is the greatest common factor of 204 and 4539?
51
Calculate the highest common factor of 440 and 120.
40
What is the highest common factor of 300 and 120?
60
Calculate the greatest common factor of 110 and 165.
55
What is the highest common factor of 78 and 55185?
39
What is the greatest common divisor of 2 and 2?
2
What is the greatest common divisor of 21 and 1498?
7
Calculate the greatest common factor of 27 and 783.
27
Calculate the greatest common factor of 13 and 871.
13
What is the greatest common factor of 5 and 603?
1
What is the greatest common divisor of 102 and 2584?
34
What is the highest common factor of 5137 and 11?
11
Calculate the greatest common divisor of 14 and 23.
1
Calculate the greatest common divisor of 779 and 82.
41
What is the highest common divisor of 1575 and 385?
35
Calculate the highest common factor of 19464 and 24.
24
Calculate the highest common factor of 115 and 207.
23
Calculate the highest common divisor of 7 and 763.
7
Calculate the greatest common factor of 702 and 312.
78
Calculate the greatest common factor of 2967 and 69.
69
What is the greatest common divisor of 150 and 275?
25
What is the greatest common divisor of 25 and 24275?
25
Calculate the highest common factor of 323 and 171.
19
Calculate the highest common factor of 74 and 37.
37
What is the greatest common factor of 44 and 88?
44
Calculate the highest common divisor of 455 and 91.
91
Calculate the highest common factor of 1811 and 1.
1
Calculate the greatest common factor of 39 and 1677.
39
What is the highest common divisor of 103 and 6283?
103
Calculate the highest common factor of 428 and 4.
4
What is the highest common factor of 174 and 144?
6
What is the greatest common factor of 20786 and 76?
38
What is the greatest common factor of 820 and 30?
10
Calculate the greatest common divisor of 12 and 768.
12
Calculate the greatest common factor of 20007 and 684.
171
Calculate the highest common divisor of 56 and 238.
14
Calculate the highest common divisor of 197 and 12017.
197
Calculate the greatest common divisor of 2580 and 540.
60
What is the highest common divisor of 1830 and 30?
30
Calculate the highest common factor of 4500 and 200.
100
Calculate the greatest common factor of 28 and 7.
7
What is the highest common factor of 246 and 162?
6
What is the greatest common divisor of 9 and 1011?
3
What is the greatest common divisor of 72 and 738?
18
Calculate the greatest common factor of 18 and 243.
9
What is the greatest common divisor of 8473 and 111?
37
Calculate the highest common factor of 843 and 6.
3
What is the greatest common divisor of 638 and 242?
22
What is the highest common factor of 2576 and 1771?
161
What is the greatest common divisor of 5684 and 116?
116
Calculate the highest common divisor of 897 and 65.
13
What is the greatest common divisor of 78 and 24?
6
Calculate the highest common divisor of 3 and 2.
1
What is the highest common divisor of 27 and 111?
3
What is the greatest common divisor of 1355 and 5?
5
Calculate the highest common divisor of 90 and 54.
18
What is the highest common divisor of 1267 and 7?
7
Calculate the greatest common divisor of 2059 and 29.
29
What is the highest common factor of 36 and 260?
4
Calculate the highest common divisor of 924 and 21.
21
Calculate the highest common factor of 16 and 88.
8
Calculate the highest common factor of 4896 and 170.
34
Calculate the greatest common divisor of 4 and 324.
4
Calculate the highest common divisor of 33 and 869.
11
What is the highest common factor of 2104 and 64?
8
Calculate the greatest common divisor of 86 and 215.
43
What is the greatest common divisor of 981 and 81?
9
Calculate the highest common divisor of 595 and 19397.
119
What is the greatest common divisor of 36 and 5580?
36
What is the greatest common factor of 1353 and 132?
33
What is the highest common divisor of 460 and 299?
23
Calculate the highest common factor of 33 and 1980.
33
What is the greatest common factor of 1953 and 63?
63
Calculate the highest common divisor of 164 and 574.
82
What is the highest common divisor of 909 and 9?
9
Calculate the greatest common divisor of 184 and 5612.
92
What is the highest common divisor of 11 and 253?
11
What is the highest common divisor of 515 and 20?
5
Calculate the greatest common factor of 749 and 7918.
107
What is the highest common divisor of 5952 and 93?
93
Calculate the highest common factor of 85 and 5.
5
What is the greatest common divisor of 34 and 4403?
17
What is the greatest common divisor of 738 and 90?
18
What is the highest common divisor of 1152 and 324?
36
Calculate the greatest common factor of 1241 and 17.
17
Calculate the highest common divisor of 107 and 535.
107
What is the greatest common factor of 860 and 602?
86
Calculate the highest common divisor of 116 and 8.
4
Calculate the greatest common divisor of 70 and 50.
10
Calculate the highest common factor of 3018 and 12.
6
Calculate the greatest common factor of 210 and 140.
70
Calculate the greatest common factor of 43 and 10277.
43
What is the greatest common factor of 37 and 259?
37
Calculate the highest common factor of 9 and 207.
9
Calculate the highest common factor of 260 and 60.
20
Calculate the highest common factor of 116 and 29.
29
Calculate the highest common divisor of 455 and 595.
35
What is the greatest common factor of 102 and 30549?
51
What is the greatest common factor of 308 and 2?
2
What is the highest common factor of 16 and 3?
1
What is the highest common divisor of 1012 and 276?
92
What is the greatest common factor of 3216 and 3484?
268
Calculate the greatest common factor of 848 and 53.
53
Calculate the greatest common divisor of 4500 and 72.
36
What is the greatest common factor of 42 and 322?
14
Calculate the highest common factor of 54 and 37152.
54
What is the highest common divisor of 19 and 57?
19
What is the highest common divisor of 1872 and 27?
9
Calculate the greatest common factor of 1292 and 68.
68
Calculate the greatest common divisor of 102 and 18.
6
What is the greatest common divisor of 870 and 116?
58
What is the greatest common factor of 1057 and 151?
151
What is the greatest common factor of 298 and 26?
2
What is the highest common divisor of 50 and 2?
2
What is the greatest common divisor of 159 and 6360?
159
What is the greatest common divisor of 59 and 3?
1
What is the highest common divisor of 203 and 8294?
29
Calculate the highest common divisor of 253 and 55.
11
Calculate the greatest common factor of 187 and 3043.
17
Calculate the highest common factor of 30 and 2130.
30
What is the greatest common divisor of 12 and 13116?
12
Calculate the highest common divisor of 1596 and 2261.
133
What is the greatest common divisor of 385 and 2464?
77
Calculate the greatest common divisor of 54 and 11259.
27
What is the highest common factor of 775 and 31?
31
What is the greatest common divisor of 312 and 4836?
156
What is the highest common factor of 238 and 170?
34
Calculate the greatest common divisor of 854 and 14.
14
What is the greatest common factor of 7743 and 58?
29
What is the highest common divisor of 1045 and 3685?
55
Calculate the greatest common divisor of 464 and 261.
29
What is the greatest common divisor of 68 and 4148?
68
What is the highest common divisor of 430 and 473?
43
Calculate the greatest common divisor of 37 and 111.
37
Calculate the greatest common divisor of 135 and 15.
15
What is the highest common divisor of 10836 and 189?
63
What is the highest common divisor of 148 and 28?
4
What is the greatest common factor of 2912 and 156?
52
What is the greatest common divisor of 28 and 700?
28
Calculate the highest common factor of 10638 and 54.
54
Calculate the highest common factor of 20 and 470.
10
What is the